-4) - -12) + 54 + 1 + 7
52
What is the value of -26 + (-39 - (-1 + -29)) + -13?
-48
Evaluate 18 + 212 + -68 + -58 + 1 + -19.
86
What is the value of 6 + (-7 - -7) + -5 + -5 + 0 - 37?
-41
What is 280 + -333 + 2 + 22?
-29
Evaluate -261 + 275 + (-97 + 12 - -1).
-70
Calculate 139 - (-6 - -28) - (-13 + (11 - (-1 - -6))).
124
What is the value of 2 - (1 - 57) - (-3337 - -3336)?
59
What is the value of 15 + -28 + 42 + -5?
24
-10 + 6 - -33 - (411 + -423)
41
What is 3 - (-84 - -29 - -28)?
30
What is 74 - (-13 + 16 + 21 - 15) - (7 - 2)?
60
What is the value of -36 + 0 - (-352 - -259)?
57
Calculate 7 + -4 + 9 + (-573 - -577).
16
Calculate -27 + 24 - 14 - -27 - (-78 - 0).
88
Evaluate 26 + -21 + (-63 - 9).
-67
Evaluate 48 - 32 - 45 - -66.
37
What is the value of 77 - 26 - (23 + 16) - (-25 + 2 + -3)?
38
Calculate -15 - (5 + (-1 - -11) + -12) - (-6 + 0).
-12
Evaluate 68 + 5 - -28 - -7.
108
Evaluate 54 - (-48 + (42 - -8)).
52
What is the value of -38 - (10 - (5 - 4 - (-8 - (-15 - -28))))?
-26
What is the value of -39 + 21 + -13 + 40?
9
What is the value of -1 + 39 + (-13 - 29)?
-4
Evaluate (61 - -354) + -498 - ((0 - -1 - 1) + 0).
-83
What is 13 - (-35 + -22 - -99)?
-29
What is -32 + (-9 - -46) - (9 - -56)?
-60
Evaluate (-11 - -27 - 87 - -61) + -77 + 1.
-86
What is the value of 21 - (43 - 29 - (30 - -2))?
39
-17 + 39 - (7 - (-2 + -4))
9
-7 - (-147 + (-26 - -51)) - 33
82
What is (-13 - 45) + 44 + (44 - (2 - (-8 + 5)))?
25
61 + (10 - 51) - 28
-8
What is the value of -73 + 42 + 28 + 64?
61
-172 + (114 - -49) - (0 + 1 + (-2 - 31))
23
What is the value of -6 + 6 + -17 + -45?
-62
Evaluate -12 - (-31 + (27 - 30)).
22
What is the value of -18 + (-1 - (2 + -2)) + -2853 + 2858?
-14
What is the value of -35 + -12 + 32 + 49 + 2 + -11?
25
(9 - 39) + -41 + -29 + 34
-66
Calculate 27 + -76 + 26 + 46 - -42.
65
What is 3 + (9 + -9 + -5 - -6 - (-8 - -3))?
9
What is -10 + (-4 - -7) - (-101 - (58 + -23))?
129
What is the value of (99 + 8 + (13 - -3) - 18) + -4?
101
(64 + 8 + -17 - -1) + -20
36
What is the value of 6 - (-4 - -88) - -140?
62
What is 9 - (10 - ((11 - -3) + -10 - (9 - 1)))?
-5
What is the value of -14 - (-43 - -19) - -23?
33
What is (59 - 3) + (1214 - 1323)?
-53
Evaluate (51 + -58 - -9) + 21.
23
Evaluate 76 + -53 - -55 - 43.
35
-84 + (-27 - 1) + (-18 - -35)
-95
Calculate (17 - 13 - -32) + -80 + 1.
-43
What is -66 + (-8 - 4 - (18 - (33 - -5)))?
-58
(44 - ((-5 - 0) + 20)) + (12 + 0 - 1)
40
26 + -17 + 10 + 7 + 25
51
What is the value of 24 - 2 - -5 - 76 - (2 - 5)?
-46
Calculate 34 + (36 - 56) + (3 - -2) + -18 + 65.
66
What is the value of -1 + (-12 + 4 + -12 - (9 - 6))?
-24
Evaluate (-261 - -255) + (-8 - 0).
-14
What is the value of -9 - (10 - -8) - ((12 - 8) + 13 + -4)?
-40
Calculate -3 + (18 - -2) + -3 + (-63 - (54 + -138)).
35
Evaluate 107 + -61 - (133 + -22).
-65
What is 2 - (-54 + 15 + 33 + (10 - 1 - 1))?
0
7 + (16 - (15 + -3 + -11)) - -3
25
7 + (10 + -4 - 10) + (67 - 30)
40
What is 1 - 29 - -24 - (15 + -2 - -1)?
-18
Calculate (-12 + 0 - (25 - 30)) + (6 - -35).
34
What is the value of 37 - (14 - (-38 + 50)) - 133?
-98
(3 - 6) + (-6 - (-4 + 11 + -12))
-4
-29 + 71 - (51 - 3)
-6
What is the value of (-1 - -38) + 77 + 3 + -83?
34
Calculate 86 - (36 - -67) - -2.
-15
What is the value of -33 - (38 + -103 + -15)?
47
Evaluate (-21 - (-1 + -9)) + 116 + (-5 - -7).
107
6 - (-5 - -3) - (-107 - -72)
43
What is -31 - (-1 + -7 + 0) - -10?
-13
(15 - 0 - -2) + -1648 + 1674
43
Calculate -13 - (3 - (2 + -22 + 27 - 3)).
-12
Calculate 29 - 49 - -44 - (12 + -11 + -12).
35
Calculate -99 + -37 + 116 + 139 + -4.
115
Calculate (-8 - (193 - 3)) + (-188 - -234).
-152
4 - (-1 - (-23 + -14) - -32)
-64
What is the value of -40 + (5 - (17 + 3 + -13) - 6)?
-48
What is the value of -59 - 30 - -71 - (2 + 1)?
-21
Evaluate 7 + (17 - (-43 + 53)) + 14 + -3.
25
Evaluate -10 + (12 - 56) - (-9 + (5 - -21)).
-71
Calculate -31 + (-25 - -39) - 46 - (0 + 1).
-64
What is the value of 93 - (-26 - 50 - (-106 - -60))?
123
1 + -31 + (-469 - -441 - (-34 - 0))
-24
Calculate -6 + (-14 + 3 - (-2 + -20)) + -64.
-59
7 + 10 + -1 + -26 + (1 - -25)
16
Evaluate 0 - 44 - (-324 - -321).
-41
Calculate 7 - -4 - (24 + 0).
-13
-7 + -50 + (401 - 391)
-47
Calculate 8 + (-18 - (-4 + 11 - 29) - (1 - -5)).
6
What is the value of (-16 - (15 + -22 + -14)) + -50 + 0?
-45
Evaluate -2 - ((3 - (22 + -3)) + 30).
-16
Calculate -18 - (5 + -44 + -2) - 15 - -81.
89
What is 41 + (-9 - 36) + (-3 - -1) + -7 + -1?
-14
-2 - 7 - (-17 + 18) - (0 - -104 - 9)
-105
What is -9 - (-51 - (28 + -25))?
45
Evaluate 7 + -333 + 434 + -9 + -3 + (10 - 2).
104
What is 95 + 17 + -133 + 31?
10
Calculate (23 - -15) + (-8 - (-2 + 0)) + 8.
40
What is the value of (-390 - -390 - (-79 - (-3 + 1))) + 0?
77
What is the value of 15 + 2 + 18 - (41 + -48)?
42
0 + -17 - (47 + -59) - (-1 - (89 - -1))
86
What is 11 + 0 + -1 + -136 + 145 + -25?
-6
What is the value of (84 - (43 - (6 - -12) - 33)) + (-1 - 14)?
77
Evaluate 20 - (-14 - -14) - (-3 + -1) - (-3 - 0).
27
What is 11 + -6 - (-83 - (-26 + 30 + -21))?
71
What is the value of -3 - (1 - 18 - (-630 - -703))?
87
Calculate 551 + -602 - (3 + -38).
-16
2 - -76 - (-1 + -23 + -22 + 4 + 33)
87
Evaluate -2 + -29 + 17 + 28 - 16.
-2
12 + -23 + -8 - -41 - 117
-95
-154 + 10 - (48 - 115)
-77
Evaluate (72 - 4) + -293 + 268.
43
What is -93 + (-15 + -9 + 15 + 14 - 5)?
-93
Calculate 1 - 13 - -14 - (-17 + 30) - (-1 - -78).
-88
1 + 13 + (-57 - (-89 - -43))
3
What is the value of -174 + 151 - (-7 - -27)?
-43
Evaluate -21 + (-1 - -14) + (89 - 131).
-50
What is the value of 98 - (84 - -104 - 124)?
34
What is the value of -20 - (-55 + 56 - 9) - (1 + -19 + -2)?
8
Calculate 24869 - 24879 - (-76 - (0 + 0) - 2).
68
Calculate (-147 - -58) + (-182 + 190 - (1 - 2)).
-80
Evaluate -22 + 1 + (-19 - -18) + -13.
-35
What is the value of -72 - ((-41 - -12) + -1)?
-42
What is the value of (108 - 212) + -54 + 50?
-108
What is the value of -2 + (-2 - -17) - (-3 - -8) - -42?
50
-24 + -19 - (5 - (-25 + 21))
-52
Evaluate -8 + 5 + (-1 - -5) + -529 + 529.
1
Calculate -37 + (34 - -121) + -22 - 5.
91
What is 2 + -99 + -22 + (-4 - (-8 - 10)) + 4?
-101
What is the value of 281 - 221 - (95 + -11)?
-24
What is the value of (-1359 - -1524) + -71 + 1?
95
Calculate 49 + 32 + -69 + 52.
64
Evaluate (25 - 28 - -7) + 26 - -15.
45
Evaluate 19 + (34 - 0 - 18) - -8.
43
Evaluate 48 - -17 - 6 - (2 + 15).
42
What is the value of 59 + -56 - (-65 - (-9 + 5 + 3))?
67
Calculate -98 - (4 + 3 + -10 + -6 - (-15 + 5)).
-99
-14 + 2 + 11 + -13 + (4 - -12)
2
What is the value of (3 - -70) + -547 + 518?
44
Evaluate 77 - 0 - (34 - (-15 - -20 - -24)).
72
Evaluate -22 - (42 - (-27 + -8 - -31)).
-68
What is -69 - (-182 - -120) - (2 - (-2 + 4))?
-7
-41 - (-15 + -27) - (21 - 5)
-15
What is the value of 32 - 30 - 24 - -25 - -20?
23
-7 - (-3 - -2) - (-7 - 3 - 10) - -46
60
Evaluate -128 + 21 + 42 - -3.
-62
Evaluate -54 + -6 + 47 + -101 + -13 + -2 + 2.
-127
Calculate 315 - 360 - (-2 + -1 + -1).
-41
Evaluate (127 - 125) + -7 + -2 + (2 - 1 - -31).
25
-48 + -55 + 168 + -49
16
34 + -127 + 105 + -1 + -137
-126
Evaluate -26 - -17 - (-4 + 6 + 0 + -32).
21
What is the value of -1 - (-9 + -15) - ((-6 - -22) + -5)?
12
What is the value of (-8 - (19 - 36)) + 2 + -6 + -42 + -3?
-40
What is -164 - (-78 + -46 + 26)?
-66
What is the value of 10 - (-3 - 30 - (-1 - -18))?
60
Calculate (138 - 86 - 73) + 147.
126
Calculate 10 + (-364 + 374 - (0 - -10)).
10
Evaluate (6 - (-4 + 9)) + 1 + (-25 - -10).
-13
Calculate (-29 - 12) + -10 + (-1 - (-3 - 19)).
-30
What is the value of 15 - ((-4 + -7 - -24) + -3) - (-5 - 0)?
10
What is (2 - -32) + (-31 - (34 - 59))?
28
What is -12 - 88 - (9 + (8 - (52 - 10)))?
-75
Calculate -71 - (-83 + (38 - 33)).
7
What is (25 - (-7 + -10)) + (1 - -3) + 4?
50
-114 - (10 + (2 + 1 - -5 - 12) - -6)
-126
Calculate 2 - (12 + (-16 - (13 + -22)) - (10 - -1)).
8
What is the value of (89 - 1) + -156 + -194 + 366?
104
Calculate -26 + 50 + (-52 - -16).
-12
Calculate -8 + -55 + 0 + (15 - (-2 + 5 + 9)).
-60
Calculate (16 - (33 + 9 - 58)) + 102.
134
What is the value of (0 - -57) + (-46 + 42 - 11)?
42
Calculate 144 + -134 + (3 - (5 + 1)) + 0.
7
Calculate -27 + -1 - (-64 + 80).
-44
What is the value of (-97 - -43) + (11 - -2)?
-41
What is the value of 0 + 5 + (12 + -16 + -21 + 11 - -113)?
104
What is 19 - 80 - ((12 - 8)